{"id":28232,"date":"2021-05-25T13:30:17","date_gmt":"2021-05-25T11:30:17","guid":{"rendered":"https:\/\/www.wolfcamper.com\/\/vare\/cobra-3-let-telt-til-mc-og-cykelbrug\/"},"modified":"2026-08-25T16:32:16","modified_gmt":"2026-08-25T14:32:16","slug":"cobra-3-let-telt-til-mc-og-cykelbrug","status":"publish","type":"product","link":"https:\/\/www.wolfcamper.com\/da\/vare\/cobra-3-let-telt-til-mc-og-cykelbrug\/","title":{"rendered":"Cobra 3 &#8211; Let 3 personers telt"},"content":{"rendered":"<hr class=\"solid\" \/>\n<h3>Detaljer<\/h3>\n<p>Teltet er utroligt let at rejse &#8211; der skal kun skubbes 3 st\u00e6nger ind i l\u00f8begangene. Derefter rejser du teltet og fastg\u00f8r pl\u00f8kker og barduner i jorden. Inderteltet som er\u00a0 med fast bund, skal kun monteres f\u00f8rste gang. Derefter lader du det bare sidde i oversejlet &#8211; nemt og praktisk.<\/p>\n<p>&nbsp;<\/p>\n<p>Der er ufattelig god plads inden i teltet &#8211; der er som sagt st\u00e5h\u00f8jde i forteltet, og har et areal s\u00e5 det kan sagtens rumme bord og stole. Der er l\u00f8s bund i forteltet, s\u00e5 du kan selv v\u00e6lge om du vil have gulv i det.\u00a0 N\u00e5r vejret er godt, \u00e5bnes teltet i gavlen og siderne &#8211; og lys og luft kan str\u00f8mme ind.<\/p>\n<p>&nbsp;<\/p>\n<p>Inde i inderteltet er der fin plads til 3 personer. Der er lommer i siden af inderteltet, hvor der er plads til de sm\u00e5ting som ikke skal ligge og rode i bunden af teltet. Der er mulighed for oph\u00e6ngning af en lygte i toppen af inderteltet.<\/p>\n<p>&nbsp;<\/p>\n<p>N\u00e5r vejret viser sig fra sin lidt mere kedelige side, s\u00f8rger det vandt\u00e6tte oversejl med tapede syninger for at du sidder godt og t\u00f8rt indenfor. St\u00e6nger og pl\u00f8kker er lavet af let og st\u00e6rk aluminium. Bardunerne er flettet med refleksmateriale, s\u00e5 de er lettere at se hvis du er p\u00e5 &#8220;lygtetur&#8221; om natten.<\/p>\n<p><iframe loading=\"lazy\" src=\"https:\/\/www.youtube.com\/embed\/miHEGVXqQQU\" width=\"100%\" height=\"650\" frameborder=\"0\"><\/iframe><\/p>\n","protected":false},"excerpt":{"rendered":"<h4>Super rummeligt telt med st\u00e5h\u00f8jde!<\/h4>\n<p>Vi er gennem flere \u00e5r &#8211; af is\u00e6r motorcyklisterne, blevet opfordret til at lave et telt med st\u00e5h\u00f8jde samt kompakt pakkest\u00f8rrelse og lav v\u00e6gt. Det har vi l\u00f8st med Cobra 3 &#8211; og da du samtidig f\u00e5r en meget lav pakkest\u00f8rrelse(\u00f821&#215;56 cm) og en v\u00e6gt p\u00e5 kun 6800g., er der ingen undskyldning for ikke at smide Cobra 3 bag p\u00e5 maskinen, og drage ud i det bl\u00e5.<\/p>\n<p>Et telt der er superanvendeligt til b\u00e5de motorcykel og cykelbrug &#8211; eller bare bag i bilen til famileferien. Cobra 3 fylder og vejer minimalt, men der er utrolig god plads i teltet.<\/p>\n<p><strong>OBS! &#8211; Hvis du gerne vil opleve teltet &#8220;live&#8221;, s\u00e5 s\u00e6tter vi det gerne op for dig ved butikken i T\u00e5rs. Ring lige inden og aftal n\u00e6rmere &#8211; 98962023<\/strong><\/p>\n","protected":false},"featured_media":43793,"template":"","meta":{"_acf_changed":false,"_price":"3699","_stock":"0","_tribe_ticket_header":"","_tribe_default_ticket_provider":"","_tribe_ticket_capacity":"44","_ticket_start_date":"","_ticket_end_date":"","_tribe_ticket_show_description":"","_tribe_ticket_show_not_going":false,"_tribe_ticket_use_global_stock":"","_tribe_ticket_global_stock_level":"","_global_stock_mode":"","_global_stock_cap":"","_tribe_rsvp_for_event":"","_tribe_ticket_going_count":"","_tribe_ticket_not_going_count":"","_tribe_tickets_list":"[]","_tribe_ticket_has_attendee_info_fields":false,"_tec_slr_enabled":"","_tec_slr_layout":""},"product_brand":[],"product_cat":[626,649,653],"product_tag":[],"class_list":["post-28232","product","type-product","status-publish","has-post-thumbnail","product_cat-telte","product_cat-sovegrej-trekking","product_cat-mc-produkter","first","outofstock","taxable","shipping-taxable","purchasable","product-type-simple"],"acf":[],"yoast_head":"<!-- This site is optimized with the Yoast SEO plugin v28.2 - https:\/\/yoast.com\/product\/yoast-seo-wordpress\/ -->\n<title>Cobra 3 - Let telt til MC og cykelbrug - Wolf Camper<\/title>\n<meta name=\"description\" content=\"Cobra 3 \u2192 Let telt med st\u00e5h\u00f8jde, kompakt pakkest\u00f8rrelse og lav v\u00e6gt. Super 3 personers telt til MC og cykel. K\u00f8b direkte fra producenten her!\" \/>\n<meta name=\"robots\" content=\"index, follow, max-snippet:-1, max-image-preview:large, max-video-preview:-1\" \/>\n<link rel=\"canonical\" href=\"https:\/\/www.wolfcamper.com\/da\/vare\/cobra-3-let-telt-til-mc-og-cykelbrug\/\" \/>\n<meta property=\"og:locale\" content=\"da_DK\" \/>\n<meta property=\"og:type\" content=\"article\" \/>\n<meta property=\"og:title\" content=\"Cobra 3 - Let telt til MC og cykelbrug - Wolf Camper\" \/>\n<meta property=\"og:description\" content=\"Cobra 3 \u2192 Let telt med st\u00e5h\u00f8jde, kompakt pakkest\u00f8rrelse og lav v\u00e6gt. Super 3 personers telt til MC og cykel. K\u00f8b direkte fra producenten her!\" \/>\n<meta property=\"og:url\" content=\"https:\/\/www.wolfcamper.com\/da\/vare\/cobra-3-let-telt-til-mc-og-cykelbrug\/\" \/>\n<meta property=\"og:site_name\" content=\"Wolf Camper\" \/>\n<meta property=\"article:modified_time\" content=\"2026-08-25T14:32:16+00:00\" \/>\n<meta property=\"og:image\" content=\"https:\/\/www.wolfcamper.com\/wp-content\/uploads\/2021\/05\/cobra3aabnet-2.png\" \/>\n\t<meta property=\"og:image:width\" content=\"1000\" \/>\n\t<meta property=\"og:image:height\" content=\"1000\" \/>\n\t<meta property=\"og:image:type\" content=\"image\/png\" \/>\n<meta name=\"twitter:card\" content=\"summary_large_image\" \/>\n<meta name=\"twitter:label1\" content=\"Estimeret l\u00e6setid\" \/>\n\t<meta name=\"twitter:data1\" content=\"2 minutter\" \/>\n<script type=\"application\/ld+json\" class=\"yoast-schema-graph\">{\"@context\":\"https:\\\/\\\/schema.org\",\"@graph\":[{\"@type\":\"WebPage\",\"@id\":\"https:\\\/\\\/www.wolfcamper.com\\\/da\\\/vare\\\/cobra-3-let-telt-til-mc-og-cykelbrug\\\/\",\"url\":\"https:\\\/\\\/www.wolfcamper.com\\\/da\\\/vare\\\/cobra-3-let-telt-til-mc-og-cykelbrug\\\/\",\"name\":\"Cobra 3 - Let telt til MC og cykelbrug - Wolf Camper\",\"isPartOf\":{\"@id\":\"https:\\\/\\\/www.wolfcamper.com\\\/da\\\/#website\"},\"primaryImageOfPage\":{\"@id\":\"https:\\\/\\\/www.wolfcamper.com\\\/da\\\/vare\\\/cobra-3-let-telt-til-mc-og-cykelbrug\\\/#primaryimage\"},\"image\":{\"@id\":\"https:\\\/\\\/www.wolfcamper.com\\\/da\\\/vare\\\/cobra-3-let-telt-til-mc-og-cykelbrug\\\/#primaryimage\"},\"thumbnailUrl\":\"https:\\\/\\\/www.wolfcamper.com\\\/wp-content\\\/uploads\\\/2021\\\/05\\\/cobra3aabnet-2.png\",\"datePublished\":\"2021-05-25T11:30:17+00:00\",\"dateModified\":\"2026-08-25T14:32:16+00:00\",\"description\":\"Cobra 3 \u2192 Let telt med st\u00e5h\u00f8jde, kompakt pakkest\u00f8rrelse og lav v\u00e6gt. Super 3 personers telt til MC og cykel. K\u00f8b direkte fra producenten her!\",\"breadcrumb\":{\"@id\":\"https:\\\/\\\/www.wolfcamper.com\\\/da\\\/vare\\\/cobra-3-let-telt-til-mc-og-cykelbrug\\\/#breadcrumb\"},\"inLanguage\":\"da-DK\",\"potentialAction\":[{\"@type\":\"ReadAction\",\"target\":[\"https:\\\/\\\/www.wolfcamper.com\\\/da\\\/vare\\\/cobra-3-let-telt-til-mc-og-cykelbrug\\\/\"]}]},{\"@type\":\"ImageObject\",\"inLanguage\":\"da-DK\",\"@id\":\"https:\\\/\\\/www.wolfcamper.com\\\/da\\\/vare\\\/cobra-3-let-telt-til-mc-og-cykelbrug\\\/#primaryimage\",\"url\":\"https:\\\/\\\/www.wolfcamper.com\\\/wp-content\\\/uploads\\\/2021\\\/05\\\/cobra3aabnet-2.png\",\"contentUrl\":\"https:\\\/\\\/www.wolfcamper.com\\\/wp-content\\\/uploads\\\/2021\\\/05\\\/cobra3aabnet-2.png\",\"width\":1000,\"height\":1000,\"caption\":\"cobra 3 let telt til mc folket\"},{\"@type\":\"BreadcrumbList\",\"@id\":\"https:\\\/\\\/www.wolfcamper.com\\\/da\\\/vare\\\/cobra-3-let-telt-til-mc-og-cykelbrug\\\/#breadcrumb\",\"itemListElement\":[{\"@type\":\"ListItem\",\"position\":1,\"name\":\"Home\",\"item\":\"https:\\\/\\\/www.wolfcamper.com\\\/da\\\/\"},{\"@type\":\"ListItem\",\"position\":2,\"name\":\"Shop\",\"item\":\"https:\\\/\\\/www.wolfcamper.com\\\/da\\\/shop\\\/\"},{\"@type\":\"ListItem\",\"position\":3,\"name\":\"Cobra 3 &#8211; Let 3 personers telt\"}]},{\"@type\":\"WebSite\",\"@id\":\"https:\\\/\\\/www.wolfcamper.com\\\/da\\\/#website\",\"url\":\"https:\\\/\\\/www.wolfcamper.com\\\/da\\\/\",\"name\":\"Wolf Camper\",\"description\":\"Wolf Camper\",\"potentialAction\":[{\"@type\":\"SearchAction\",\"target\":{\"@type\":\"EntryPoint\",\"urlTemplate\":\"https:\\\/\\\/www.wolfcamper.com\\\/da\\\/?s={search_term_string}\"},\"query-input\":{\"@type\":\"PropertyValueSpecification\",\"valueRequired\":true,\"valueName\":\"search_term_string\"}}],\"inLanguage\":\"da-DK\"}]}<\/script>\n<!-- \/ Yoast SEO plugin. -->","yoast_head_json":{"title":"Cobra 3 - Let telt til MC og cykelbrug - Wolf Camper","description":"Cobra 3 \u2192 Let telt med st\u00e5h\u00f8jde, kompakt pakkest\u00f8rrelse og lav v\u00e6gt. Super 3 personers telt til MC og cykel. K\u00f8b direkte fra producenten her!","robots":{"index":"index","follow":"follow","max-snippet":"max-snippet:-1","max-image-preview":"max-image-preview:large","max-video-preview":"max-video-preview:-1"},"canonical":"https:\/\/www.wolfcamper.com\/da\/vare\/cobra-3-let-telt-til-mc-og-cykelbrug\/","og_locale":"da_DK","og_type":"article","og_title":"Cobra 3 - Let telt til MC og cykelbrug - Wolf Camper","og_description":"Cobra 3 \u2192 Let telt med st\u00e5h\u00f8jde, kompakt pakkest\u00f8rrelse og lav v\u00e6gt. Super 3 personers telt til MC og cykel. K\u00f8b direkte fra producenten her!","og_url":"https:\/\/www.wolfcamper.com\/da\/vare\/cobra-3-let-telt-til-mc-og-cykelbrug\/","og_site_name":"Wolf Camper","article_modified_time":"2026-08-25T14:32:16+00:00","og_image":[{"width":1000,"height":1000,"url":"https:\/\/www.wolfcamper.com\/wp-content\/uploads\/2021\/05\/cobra3aabnet-2.png","type":"image\/png"}],"twitter_card":"summary_large_image","twitter_misc":{"Estimeret l\u00e6setid":"2 minutter"},"schema":{"@context":"https:\/\/schema.org","@graph":[{"@type":"WebPage","@id":"https:\/\/www.wolfcamper.com\/da\/vare\/cobra-3-let-telt-til-mc-og-cykelbrug\/","url":"https:\/\/www.wolfcamper.com\/da\/vare\/cobra-3-let-telt-til-mc-og-cykelbrug\/","name":"Cobra 3 - Let telt til MC og cykelbrug - Wolf Camper","isPartOf":{"@id":"https:\/\/www.wolfcamper.com\/da\/#website"},"primaryImageOfPage":{"@id":"https:\/\/www.wolfcamper.com\/da\/vare\/cobra-3-let-telt-til-mc-og-cykelbrug\/#primaryimage"},"image":{"@id":"https:\/\/www.wolfcamper.com\/da\/vare\/cobra-3-let-telt-til-mc-og-cykelbrug\/#primaryimage"},"thumbnailUrl":"https:\/\/www.wolfcamper.com\/wp-content\/uploads\/2021\/05\/cobra3aabnet-2.png","datePublished":"2021-05-25T11:30:17+00:00","dateModified":"2026-08-25T14:32:16+00:00","description":"Cobra 3 \u2192 Let telt med st\u00e5h\u00f8jde, kompakt pakkest\u00f8rrelse og lav v\u00e6gt. Super 3 personers telt til MC og cykel. K\u00f8b direkte fra producenten her!","breadcrumb":{"@id":"https:\/\/www.wolfcamper.com\/da\/vare\/cobra-3-let-telt-til-mc-og-cykelbrug\/#breadcrumb"},"inLanguage":"da-DK","potentialAction":[{"@type":"ReadAction","target":["https:\/\/www.wolfcamper.com\/da\/vare\/cobra-3-let-telt-til-mc-og-cykelbrug\/"]}]},{"@type":"ImageObject","inLanguage":"da-DK","@id":"https:\/\/www.wolfcamper.com\/da\/vare\/cobra-3-let-telt-til-mc-og-cykelbrug\/#primaryimage","url":"https:\/\/www.wolfcamper.com\/wp-content\/uploads\/2021\/05\/cobra3aabnet-2.png","contentUrl":"https:\/\/www.wolfcamper.com\/wp-content\/uploads\/2021\/05\/cobra3aabnet-2.png","width":1000,"height":1000,"caption":"cobra 3 let telt til mc folket"},{"@type":"BreadcrumbList","@id":"https:\/\/www.wolfcamper.com\/da\/vare\/cobra-3-let-telt-til-mc-og-cykelbrug\/#breadcrumb","itemListElement":[{"@type":"ListItem","position":1,"name":"Home","item":"https:\/\/www.wolfcamper.com\/da\/"},{"@type":"ListItem","position":2,"name":"Shop","item":"https:\/\/www.wolfcamper.com\/da\/shop\/"},{"@type":"ListItem","position":3,"name":"Cobra 3 &#8211; Let 3 personers telt"}]},{"@type":"WebSite","@id":"https:\/\/www.wolfcamper.com\/da\/#website","url":"https:\/\/www.wolfcamper.com\/da\/","name":"Wolf Camper","description":"Wolf Camper","potentialAction":[{"@type":"SearchAction","target":{"@type":"EntryPoint","urlTemplate":"https:\/\/www.wolfcamper.com\/da\/?s={search_term_string}"},"query-input":{"@type":"PropertyValueSpecification","valueRequired":true,"valueName":"search_term_string"}}],"inLanguage":"da-DK"}]}},"_links":{"self":[{"href":"https:\/\/www.wolfcamper.com\/da\/wp-json\/wp\/v2\/product\/28232","targetHints":{"allow":["GET"]}}],"collection":[{"href":"https:\/\/www.wolfcamper.com\/da\/wp-json\/wp\/v2\/product"}],"about":[{"href":"https:\/\/www.wolfcamper.com\/da\/wp-json\/wp\/v2\/types\/product"}],"wp:featuredmedia":[{"embeddable":true,"href":"https:\/\/www.wolfcamper.com\/da\/wp-json\/wp\/v2\/media\/43793"}],"wp:attachment":[{"href":"https:\/\/www.wolfcamper.com\/da\/wp-json\/wp\/v2\/media?parent=28232"}],"wp:term":[{"taxonomy":"product_brand","embeddable":true,"href":"https:\/\/www.wolfcamper.com\/da\/wp-json\/wp\/v2\/product_brand?post=28232"},{"taxonomy":"product_cat","embeddable":true,"href":"https:\/\/www.wolfcamper.com\/da\/wp-json\/wp\/v2\/product_cat?post=28232"},{"taxonomy":"product_tag","embeddable":true,"href":"https:\/\/www.wolfcamper.com\/da\/wp-json\/wp\/v2\/product_tag?post=28232"}],"curies":[{"name":"wp","href":"https:\/\/api.w.org\/{rel}","templated":true}]}}

<hr class="solid" />
<h3>Detaljer</h3>
<p>Teltet er utroligt let at rejse &#8211; der skal kun skubbes 3 stænger ind i løbegangene. Derefter rejser du teltet og fastgør pløkker og barduner i jorden. Inderteltet som er  med fast bund, skal kun monteres første gang. Derefter lader du det bare sidde i oversejlet &#8211; nemt og praktisk.</p>
<p>&nbsp;</p>
<p>Der er ufattelig god plads inden i teltet &#8211; der er som sagt ståhøjde i forteltet, og har et areal så det kan sagtens rumme bord og stole. Der er løs bund i forteltet, så du kan selv vælge om du vil have gulv i det.  Når vejret er godt, åbnes teltet i gavlen og siderne &#8211; og lys og luft kan strømme ind.</p>
<p>&nbsp;</p>
<p>Inde i inderteltet er der fin plads til 3 personer. Der er lommer i siden af inderteltet, hvor der er plads til de småting som ikke skal ligge og rode i bunden af teltet. Der er mulighed for ophængning af en lygte i toppen af inderteltet.</p>
<p>&nbsp;</p>
<p>Når vejret viser sig fra sin lidt mere kedelige side, sørger det vandtætte oversejl med tapede syninger for at du sidder godt og tørt indenfor. Stænger og pløkker er lavet af let og stærk aluminium. Bardunerne er flettet med refleksmateriale, så de er lettere at se hvis du er på &#8220;lygtetur&#8221; om natten.</p>
<p><iframe loading="lazy" src="https://www.youtube.com/embed/miHEGVXqQQU" width="100%" height="650" frameborder="0"></iframe></p>

<h4>Super rummeligt telt med ståhøjde!</h4>
<p>Vi er gennem flere år &#8211; af især motorcyklisterne, blevet opfordret til at lave et telt med ståhøjde samt kompakt pakkestørrelse og lav vægt. Det har vi løst med Cobra 3 &#8211; og da du samtidig får en meget lav pakkestørrelse(ø21&#215;56 cm) og en vægt på kun 6800g., er der ingen undskyldning for ikke at smide Cobra 3 bag på maskinen, og drage ud i det blå.</p>
<p>Et telt der er superanvendeligt til både motorcykel og cykelbrug &#8211; eller bare bag i bilen til famileferien. Cobra 3 fylder og vejer minimalt, men der er utrolig god plads i teltet.</p>
<p><strong>OBS! &#8211; Hvis du gerne vil opleve teltet &#8220;live&#8221;, så sætter vi det gerne op for dig ved butikken i Tårs. Ring lige inden og aftal nærmere &#8211; 98962023</strong></p>

<!-- This site is optimized with the Yoast SEO plugin v28.2 - https://yoast.com/product/yoast-seo-wordpress/ -->
<title>Cobra 3 - Let telt til MC og cykelbrug - Wolf Camper</title>
<meta name="description" content="Cobra 3 → Let telt med ståhøjde, kompakt pakkestørrelse og lav vægt. Super 3 personers telt til MC og cykel. Køb direkte fra producenten her!" />
<meta name="robots" content="index, follow, max-snippet:-1, max-image-preview:large, max-video-preview:-1" />
<link rel="canonical" href="https://www.wolfcamper.com/da/vare/cobra-3-let-telt-til-mc-og-cykelbrug/" />
<meta property="og:locale" content="da_DK" />
<meta property="og:type" content="article" />
<meta property="og:title" content="Cobra 3 - Let telt til MC og cykelbrug - Wolf Camper" />
<meta property="og:description" content="Cobra 3 → Let telt med ståhøjde, kompakt pakkestørrelse og lav vægt. Super 3 personers telt til MC og cykel. Køb direkte fra producenten her!" />
<meta property="og:url" content="https://www.wolfcamper.com/da/vare/cobra-3-let-telt-til-mc-og-cykelbrug/" />
<meta property="og:site_name" content="Wolf Camper" />
<meta property="article:modified_time" content="2026-08-25T14:32:16+00:00" />
<meta property="og:image" content="https://www.wolfcamper.com/wp-content/uploads/2021/05/cobra3aabnet-2.png" />
	<meta property="og:image:width" content="1000" />
	<meta property="og:image:height" content="1000" />
	<meta property="og:image:type" content="image/png" />
<meta name="twitter:card" content="summary_large_image" />
<meta name="twitter:label1" content="Estimeret læsetid" />
	<meta name="twitter:data1" content="2 minutter" />
<script type="application/ld+json" class="yoast-schema-graph">{"@context":"https:\/\/schema.org","@graph":[{"@type":"WebPage","@id":"https:\/\/www.wolfcamper.com\/da\/vare\/cobra-3-let-telt-til-mc-og-cykelbrug\/","url":"https:\/\/www.wolfcamper.com\/da\/vare\/cobra-3-let-telt-til-mc-og-cykelbrug\/","name":"Cobra 3 - Let telt til MC og cykelbrug - Wolf Camper","isPartOf":{"@id":"https:\/\/www.wolfcamper.com\/da\/#website"},"primaryImageOfPage":{"@id":"https:\/\/www.wolfcamper.com\/da\/vare\/cobra-3-let-telt-til-mc-og-cykelbrug\/#primaryimage"},"image":{"@id":"https:\/\/www.wolfcamper.com\/da\/vare\/cobra-3-let-telt-til-mc-og-cykelbrug\/#primaryimage"},"thumbnailUrl":"https:\/\/www.wolfcamper.com\/wp-content\/uploads\/2021\/05\/cobra3aabnet-2.png","datePublished":"2021-05-25T11:30:17+00:00","dateModified":"2026-08-25T14:32:16+00:00","description":"Cobra 3 → Let telt med ståhøjde, kompakt pakkestørrelse og lav vægt. Super 3 personers telt til MC og cykel. Køb direkte fra producenten her!","breadcrumb":{"@id":"https:\/\/www.wolfcamper.com\/da\/vare\/cobra-3-let-telt-til-mc-og-cykelbrug\/#breadcrumb"},"inLanguage":"da-DK","potentialAction":[{"@type":"ReadAction","target":["https:\/\/www.wolfcamper.com\/da\/vare\/cobra-3-let-telt-til-mc-og-cykelbrug\/"]}]},{"@type":"ImageObject","inLanguage":"da-DK","@id":"https:\/\/www.wolfcamper.com\/da\/vare\/cobra-3-let-telt-til-mc-og-cykelbrug\/#primaryimage","url":"https:\/\/www.wolfcamper.com\/wp-content\/uploads\/2021\/05\/cobra3aabnet-2.png","contentUrl":"https:\/\/www.wolfcamper.com\/wp-content\/uploads\/2021\/05\/cobra3aabnet-2.png","width":1000,"height":1000,"caption":"cobra 3 let telt til mc folket"},{"@type":"BreadcrumbList","@id":"https:\/\/www.wolfcamper.com\/da\/vare\/cobra-3-let-telt-til-mc-og-cykelbrug\/#breadcrumb","itemListElement":[{"@type":"ListItem","position":1,"name":"Home","item":"https:\/\/www.wolfcamper.com\/da\/"},{"@type":"ListItem","position":2,"name":"Shop","item":"https:\/\/www.wolfcamper.com\/da\/shop\/"},{"@type":"ListItem","position":3,"name":"Cobra 3 &#8211; Let 3 personers telt"}]},{"@type":"WebSite","@id":"https:\/\/www.wolfcamper.com\/da\/#website","url":"https:\/\/www.wolfcamper.com\/da\/","name":"Wolf Camper","description":"Wolf Camper","potentialAction":[{"@type":"SearchAction","target":{"@type":"EntryPoint","urlTemplate":"https:\/\/www.wolfcamper.com\/da\/?s={search_term_string}"},"query-input":{"@type":"PropertyValueSpecification","valueRequired":true,"valueName":"search_term_string"}}],"inLanguage":"da-DK"}]}</script>
<!-- / Yoast SEO plugin. -->

Cobra 3 → Let telt med ståhøjde, kompakt pakkestørrelse og lav vægt. Super 3 personers telt til MC og cykel. Køb direkte fra producenten her!
